t m(u) = -u**2 + 3*u + 2. Let r be m(3). Suppose -w + 4 = y - 1, r*w + y - 10 = 0. Suppose -15 = w*f - 0*f, 4*b = -4*f + 40. What are the prime factors of b?
13
What are the prime factors of (4*3/(-4))/(3/(-1466))?
2, 733
Let l(r) = r**2 + 11*r + 5. Suppose -3*y - 3*n - 18 = 0, n = -5*y + 2*n - 30. Let h be l(y). Let u = h + 51. What are the prime factors of u?
2, 13
Let m = 3741 + -2619. List the prime factors of m.
2, 3, 11, 17
Let f = -87 - -84. What are the prime factors of 284 - 2 - 3/(f/(-4))?
2, 139
Let q(j) = 11*j. Suppose 4*m - 7 = 5*h, 4*m + h = 2*h + 11. List the prime factors of q(m).
3, 11
Suppose u - 5 = -n, -4*u + 10 = -2*u - 2*n. Suppose 113 = 2*d - u*s, -2*d + s = 17 - 142. List the prime factors of d.
2
Let c(i) be the third derivative of 2*i**5/15 - 7*i**4/24 + i**3 - 2*i**2. Let t be c(4). Let w = -73 + t. What are the prime factors of w?
3, 11
Suppose i + 101 = -2*t - 88, -3*t = 4*i + 281. Let g = t - -245. Suppose -42 + g = 3*j. List the prime factors of j.
2, 3
Let p(u) = 240*u. Let f be p(3). Suppose -6*n + 702 + f = 0. List the prime factors of n.
3, 79
Let h = -27 + 31. Let l(f) = 3*f**2 - 9*f - 4. What are the prime factors of l(h)?
2
List the prime factors of (88/33)/(30/51345).
2, 7, 163
Let s be 0 + (-12)/1 + -1. Let f be s/(-5) + (-9)/15. Suppose -f*p + 1 = -15. List the prime factors of p.
2
List the prime factors of (416/68 - 6) + (-5062)/(-34).
149
Let v = 11 + 93. Suppose 0 = -5*r + v - 29. What are the prime factors of r?
3, 5
What are the prime factors of 2*2/4*673?
673
What are the prime factors of (-1 + 327)*(-455)/(-130)?
7, 163
Suppose 11 = 4*q - 17. Suppose -4*v - q = -203. List the prime factors of v.
7
Let m(i) = 18*i - 3 - 13*i - 13 + i**3 + 9*i**2. What are the prime factors of m(-7)?
47
Suppose -3*j + 32*r + 2017 = 33*r, -2*j + 1339 = -5*r. List the prime factors of j.
2, 3, 7
Suppose 3*u + 14 + 19 = -3*t, -3*t = -2*u + 8. List the prime factors of (-231)/28*2/3*t.
3, 11
Let w(b) be the third derivative of -5*b**4/24 + 13*b**3/2 - 33*b**2. What are the prime factors of w(0)?
3, 13
List the prime factors of 17/4 + 15/(-60) - -760.
2, 191
Let a = -11 + 9. Let y = a - -12. Suppose 3*h = -5*i + 118, y + 138 = 4*h + 2*i. List the prime factors of h.
2, 3
Let t = -1453 + 3972. What are the prime factors of t?
11, 229
Suppose -7*z = -2*z - 205. Suppose -4*i = 21 - 93. Let s = z - i. What are the prime factors of s?
23
Let p(z) = z + 2. Let x be p(-1). Let b = 16 - x. List the prime factors of b.
3, 5
Let n = -11 + 0. Let v = -103 - -122. Let t = n + v. List the prime factors of t.
2
Let p(d) = d**2 - 10*d + 6. Let q be p(4). Let k = q - -3. Let h = k - -40. List the prime factors of h.
5
Suppose 3*v - k - 3516 = 2*k, -v = 2*k - 1160. List the prime factors of v.
2, 73
Suppose 6*n - 81 = 33. What are the prime factors of (57/n)/(3/14)?
2, 7
Suppose 3*q + q - 344 = 0. Suppose -d + 5*c = d - 122, 4*c - q = -2*d. What are the prime factors of d?
3, 17
Let n(c) = c**2 - 11. Let x be 7/(-3 + -1 + 5). List the prime factors of n(x).
2, 19
Let v(p) = -p**2 - 7*p + 2. Let t be v(-7). Let y(x) = -x**2 - 2*x + 2. Let s be y(t). Let b = s - -21. What are the prime factors of b?
3, 5
Let g(n) = -n**2 - 8*n + 4. Suppose 4*a + 17 = -15. Let u be g(a). Let r = 19 - u. List the prime factors of r.
3, 5
Let z be (2/5)/((-6)/90). What are the prime factors of 429/22*(-40)/z?
2, 5, 13
What are the prime factors of ((-8)/(-10) + 0)/(4/7240)?
2, 181
Let c(s) = -s**3 - 20*s**2 + 13. Let y be c(-20). What are the prime factors of (-42)/2*y/(-3)?
7, 13
Suppose 11*f - 6*f - 20 = 0, 3*c = 2*f + 4033. What are the prime factors of c?
3, 449
Let p = -193 + 286. Suppose g + 104 = 5*y - 7, -5*g = -4*y + p. List the prime factors of y.
2, 11
Let z(y) = -y**3 - 20*y**2 + 48*y - 1. List the prime factors of z(-23).
2, 241
Suppose -k + 5*u = -465, 5*k - 4*u + 6*u = 2433. What are the prime factors of k?
5, 97
Let q be 2 + 0 + 32/(-4). What are the prime factors of ((-30)/(-20))/(q/(-464))?
2, 29
Suppose 0 = -73*w + 77*w - 2008. What are the prime factors of w?
2, 251
Suppose 10*y - 112 = 8*y. Let d = y - -103. What are the prime factors of d?
3, 53
Let k be (3/8*4)/(1/(-4)). List the prime factors of 21/(-5)*300/k.
2, 3, 5, 7
Let o(q) = 18*q + 24. Let c be o(6). Let i(h) = -17*h + 3. Let a be i(-3). Suppose 2*b - 24 = -2*m + a, c = 3*m - 2*b. What are the prime factors of m?
2, 3, 7
Let z = 26 + -10. Suppose 5*w - 32 = -b - 0*w, -z = -b - w. Suppose b*r = 9*r + 153. List the prime factors of r.
3, 17
Suppose -28742 - 94024 = -79*f. What are the prime factors of f?
2, 3, 7, 37
Suppose -4*g - b = -9*g + 3579, 0 = -4*g + 3*b + 2861. List the prime factors of g.
2, 179
Suppose 4*b - 2 + 6 = 0. Let f = b - -1. List the prime factors of (49 - f)*6/7.
2, 3, 7
Let m(o) = o**3 + 2*o**2 - 2. Let i be m(-2). Let l(b) = -4*b - 1. Let a be l(i). Let p(n) = 2*n**2 - 7*n + 4. List the prime factors of p(a).
53
Let r(g) be the first derivative of -g**3/3 - 8*g**2 + 12*g - 5. What are the prime factors of r(-13)?
3, 17
Let z = -19 - 24. Let x = -30 - z. List the prime factors of x.
13
Suppose 23 = -m - 4*h + 206, 4*h = -5*m + 963. Suppose -6*c + 11*c - m = 0. Let k = 58 - c. What are the prime factors of k?
19
Suppose -2*p = -5*p + 12. Suppose 3*a + 79 = 4*v - 103, -p = -2*a. List the prime factors of v.
47
Let p(f) = 4*f**3 + 4*f**2 - 18*f + 9. List the prime factors of p(7).
1451
Suppose -8*t + 6730 = 1810. List the prime factors of t.
3, 5, 41
Let x = -15 - -73. Suppose 4*d = 3*d + x. What are the prime factors of d?
2, 29
Let a = -33 + 35. Suppose 3*p - 3*m - 117 = 0, -2*p + a*m = 3*p - 201. Let u = p + 14. List the prime factors of u.
5, 11
Suppose -5*l - 3*y + 27 = 0, l + 4 - 9 = -y. Let o be (-17)/(-153) + (-142)/(-18). Let j = o - l. What are the prime factors of j?
2
Suppose 0 = 5*a + 3*g - 677, 0 = -4*a + g + g + 546. Suppose 7*j - 9*j = -a. List the prime factors of j.
2, 17
Let u be (-5 - -2) + 5 - (-3 - 0). Suppose 5*n = 4*l + 42 + 162, -u*n + 208 = -3*l. List the prime factors of n.
2, 11
Let p be -5*(-2 - (-28)/10). Let f(m) = -m**3 - 3*m**2 + 3*m - 5. Let t be f(p). What are the prime factors of 0 + (2 - (t - 0))?
3
Suppose -4*r = 5*v - 391, 0 = 3*r + 16*v - 20*v - 301. List the prime factors of r.
3, 11
What are the prime factors of ((7 - 79)/(-1))/(3/10)?
2, 3, 5
Let g(f) = -4*f**2 - 5*f - 2. Let c(w) = 9*w**2 + 9*w + 5. Let u(j) = 6*c(j) + 11*g(j). List the prime factors of u(-3).
101
Suppose n - 4*g = 379, -5*g - 280 - 103 = -n. What are the prime factors of n?
3, 11
Suppose 1079 = 4*o - 3*m + 2*m, -4*o - 3*m + 1083 = 0. Suppose 5*t = 2*l - o, -t + 0*t = 4*l - 584. What are the prime factors of l?
5, 29
Let g be 20/(-3)*(-75)/10. Suppose t - 25 = -3*k, 18 = 4*t + 4*k - g. List the prime factors of t.
13
Let m be 6/(-39) - ((-480)/78 + 4). Let q(g) = 70*g - 10. What are the prime factors of q(m)?
2, 5, 13
What are the prime factors of (-1)/(-5 + (-1336)/(-268))?
67
Let d(i) = i**2 + 5*i - 14. Let r be d(-6). Let n be (-612)/(-16) - (-2)/r. Let u = n + 6. List the prime factors of u.
2, 11
Let h(f) = 2*f**2 + 3*f + 3. Let b be h(-1). Suppose 0 = b*d - 2*a - 48, 5*a + 26 = 2*d - 22. List the prime factors of d.
2, 3
Suppose 0 = 5*m - 62 + 12. Suppose -m = -0*u + 5*u. List the prime factors of u/(-3 + (-471)/(-159)).
53
Let m = 281 + 127. Suppose -3*r = -m - 45. List the prime factors of r.
151
Let l = 125 + -29. List the prime factors of l.
2, 3
Suppose -6*k + 5*k = 9. Let n = k + 14. Suppose -5*r - 4*u + 17 = -12, -4*r + n*u = -56. List the prime factors of r.
3
Let u(i) = i**2 - 9*i - 2. Let n(r) = r. Let s(m) = n(m) + u(m). Suppose 15 = 2*h - 3. What are the prime factors of s(h)?
7
Let q be 11/(-55) - (-843)/15. Let g be (-1)/4 + 21/4. Suppose -m + q = g*o, -2*o + 7*o + 6 = m. List the prime factors of m.
31
Suppose -6*r + 8*r = 4*t - 4538, -t = -3*r - 1142. What are the prime factors of t?
11, 103
Let v(t) = -315*t + 61. List the prime factors of v(-3).
2, 503
Let w be (-5)/((-20)/(-8)) - -55. Suppose -u - 3*f + 58 = 7, u + 2*f - w = 0. List the prime factors of u.
3, 19
Let n = -647 + 2309. What are the prime factors of n?
2, 3, 277
Let z = 5 - -1. Let g be z/(-4)*(-24)/9. Suppose 3*r = -3*c + 48, g*r + c - 42 = 7. What are the